
-20980
In base 2, what is -1000111101101111 + -110000?
-1000111110011111
In base 14, what is -6ca - 12d?
-819
In base 15, what is -c9 - -295d?
2884
In base 16, what is -4f - -255?
206
In base 16, what is 176 - 1386?
-1210
In base 3, what is -102000210211 + 11?
-102000210200
In base 13, what is 6c + -187?
-118
In base 13, what is -63 + -16c78?
-1700b
In base 6, what is -1 - -404004?
404003
In base 16, what is -24 - 1c4?
-1e8
In base 5, what is -213220 - -3?
-213212
In base 10, what is 2 - 3092?
-3090
In base 5, what is -32 + 1144241?
1144204
In base 7, what is -15425303 + -4?
-15425310
In base 9, what is -380 - 162?
-552
In base 12, what is 18 - -31129?
31145
In base 3, what is 12110 + -21200?
-2020
In base 15, what is 9 - 1a0e1?
-1a0d7
In base 3, what is -12121000212 - 0?
-12121000212
In base 14, what is -20 + 2c457?
2c437
In base 2, what is 10111010101010001 - 1100?
10111010101000101
In base 12, what is 2 + a0b6?
a0b8
In base 3, what is -1110011111 + 102?
-1110011002
In base 9, what is -21578 - 10?
-21588
In base 8, what is -72003 + 5?
-71776
In base 3, what is 110020110112 - -1?
110020110120
In base 15, what is c431e - 3?
c431b
In base 2, what is -1110 + -100110?
-110100
In base 14, what is 622 + 229?
84b
In base 6, what is 1 - -23140141?
23140142
In base 3, what is -112112010222 + -10?
-112112011002
In base 12, what is 3 + 5964?
5967
In base 12, what is 136 - 30?
106
In base 6, what is 1 + -5231200?
-5231155
In base 10, what is 3509341 - -1?
3509342
In base 8, what is -7107 - 421?
-7530
In base 5, what is -1221 + 42401?
41130
In base 9, what is -2255 - 3?
-2258
In base 3, what is -20 + 101110021102?
101110021012
In base 9, what is 11028 + -61?
10857
In base 12, what is a00 + -108?
8b4
In base 8, what is 113 - 16375?
-16262
In base 10, what is 187315 + 3?
187318
In base 3, what is -10 - -101012222?
101012212
In base 16, what is 231 + -4?
22d
In base 13, what is c9594 - -5?
c9599
In base 15, what is 4b2 + -244?
26d
In base 4, what is 231320231 + 0?
231320231
In base 5, what is 201 + -132240?
-132034
In base 5, what is -121342132 - -13?
-121342114
In base 2, what is 111011010100 - -1010111?
111100101011
In base 16, what is fae3ac - -1?
fae3ad
In base 12, what is 27 + 1489?
14b4
In base 16, what is -128 + -228c?
-23b4
In base 12, what is -13831 + -3?
-13834
In base 6, what is 3222 - 141?
3041
In base 12, what is -20 - 144b8?
-14518
In base 6, what is -2041 + -1102?
-3143
In base 3, what is 0 - 2100012100?
-2100012100
In base 13, what is -57 - -6bc4?
6b6a
In base 9, what is -1402 + 88?
-1303
In base 3, what is 120212 - -111?
121100
In base 3, what is -2 + 10102110220221?
10102110220212
In base 11, what is -127 + -1693?
-180a
In base 3, what is -1111212 + 22211?
-1012001
In base 2, what is -1001 + 100111111110011111?
100111111110010110
In base 10, what is -3209 - 1631?
-4840
In base 16, what is 13fb - 1f?
13dc
In base 10, what is -12933 + -136?
-13069
In base 15, what is 17a + -158?
22
In base 16, what is -3b12 - 14?
-3b26
In base 8, what is 3747 - 133?
3614
In base 6, what is -43332 - 4050?
-51422
In base 13, what is ab + -47?
64
In base 2, what is -1100 + -110111100100?
-110111110000
In base 8, what is -4 + -430021?
-430025
In base 8, what is -4441365 + 4?
-4441361
In base 15, what is -5c + 77?
1a
In base 2, what is 1000010 + -1110000000111?
-1101111000101
In base 14, what is 2230 - d?
2221
In base 3, what is 20022 + -21110?
-1011
In base 6, what is 1550522 + 0?
1550522
In base 2, what is -1 - -10101000100100?
10101000100011
In base 12, what is -1 + 26840?
2683b
In base 7, what is 146201 - -2?
146203
In base 6, what is 5 - -5520443?
5520452
In base 15, what is -329b + -4?
-32a0
In base 15, what is 0 + -2329?
-2329
In base 10, what is -62574 - 2?
-62576
In base 2, what is -1011111000010 - -10010?
-1011110110000
In base 10, what is -32718 + -5?
-32723
In base 2, what is 100111000001 + -110?
100110111011
In base 11, what is 792 - -236?
a18
In base 9, what is -137278 - 3?
-137282
In base 8, what is 2 + 750201?
750203
In base 8, what is 4 - -4707?
4713
In base 10, what is 518 + 39?
557
In base 8, what is 2044 + 2?
2046
In base 7, what is -135 + -6665?
-10133
In base 6, what is 11232 - -5403?
21035
In base 8, what is 1133 - 536?
375
In base 5, what is 131024412 + -2?
131024410
In base 7, what is 13 - -6152?
6165
In base 14, what is b0b3 + 2?
b0b5
In base 2, what is -11010101 + 10111010000100?
10110110101111
In base 10, what is 549688 - -4?
549692
In base 13, what is 1b - -6308?
6326
In base 16, what is 409da + -4?
409d6
In base 3, what is 2 - -2000222210010?
2000222210012
In base 10, what is 70 - 2188?
-2118
In base 2, what is -111010011101100001010 - -100?
-111010011101100000110
In base 6, what is -101221 + -2425?
-104050
In base 11, what is 6a8 - -2662?
325a
In base 9, what is 1078804 + 2?
1078806
In base 15, what is -123d4 + -3?
-123d7
In base 14, what is -1d1b66 + 4?
-1d1b62
In base 8, what is -37464 + 17?
-37445
In base 16, what is -4897 - -2?
-4895
In base 15, what is -89 + -61?
-ea
In base 9, what is -16618 - 5?
-16624
In base 11, what is 62 - 497?
-435
In base 12, what is b - 10520a?
-1051bb
In base 5, what is -40212 + 10?
-40202
In base 9, what is 14157051 - 1?
14157050
In base 8, what is 4166510 - -4?
4166514
In base 11, what is -2 - a6a83?
-a6a85
In base 14, what is 3 + -9789?
-9786
In base 4, what is 23012 - -23111?
112123
In base 2, what is 1111 - 100001010101?
-100001000110
In base 6, what is -130145435 + -4?
-130145443
In base 8, what is -5134137 + 3?
-5134134
In base 14, what is bd4a + -1?
bd49
In base 12, what is -14 - bb5b1?
-bb605
In base 3, what is -1210200110 - -220?
-1210122120
In base 16, what is 3 + -40f0?
-40ed
In base 8, what is -27 - 33311?
-33340
In base 15, what is 16c032 + -1?
16c031
In base 3, what is -1 + 102212200?
102212122
In base 15, what is -de + d7a?
c8b
In base 7, what is -3 - 22002?
-22005
In base 14, what is -2cadc - -5?
-2cad7
In base 11, what is 5714 + -16?
56a9
In base 15, what is 2d623 + -1?
2d622
In base 6, what is -21 - 101543?
-102004
In base 6, what is -1251 - -3551?
2300
In base 16, what is -9e - -5d5?
537
In base 7, what is -2 - 56001?
-56003
In base 8, what is -56 - -21415?
21337
In base 4, what is -10322000 - -123?
-10321211
In base 3, what is -101220010 - 202?
-101220212
In base 15, what is 2b + 299?
2c5
In base 6, what is -55020 - 22?
-55042
In base 2, what is 1010011000001 - -1110101?
1010100110110
In base 7, what is 163 - 63?
100
In base 2, what is -1 - -11100100110001001?
11100100110001000
In base 7, what is -354 + -551?
-1235
In base 5, what is -3340 - -1310?
-2030
In base 10, what is 2946626 - -2?
2946628
In base 10, what is 106109 - 4?
106105
In base 2, what is 111001100 - -11111?
111101011
In base 7, what is -12632 - -5?
-12624
In base 4, what is -20302031 + 0?
-20302031
In base 14, what is 7dd - 18?
7c5
In base 15, what is -109599 + -5?
-10959e
In base 13, what is -3 - -2b966?
2b963
In base 5, what is -3200340 + 12?
-3200323
In base 10, what is -8 - 118?
-126
In base 13, what is -3 + 1b959?
1b956
In base 4, what is -1100000 - 1113?
-1101113
In base 6, what is 50335 + -25?
50310
In base 9, what is 3 + -47450?
-47446
In base 11, what is -23 + 3a3?
380
In base 8, what is -230 - -1314?
1064
In base 7, what is -11 + -60415?
-60426
In base 2, what is 11011001 - -100?
11011101
In base 13, what is 7771 + -c?
7762
In base 3, what is 112 - 100111201?
-100111012
In base 7, what is 1655416 + -22?
1655364
In base 3, what is 0 + -122021121101?
-122021121101
In base 11, what is 2 + -5a11?
-5a0a
In base 5, what is -434410403 + 0?
-434410403
In base 5, what is 20 - 134241?
-134221
In base 8, what is -532623 + 0?
-532623
In base 16, what is -3392 + -18?
-33aa
In base 5, what is 44 + 340130?
340224
In base 13, what is -2755416 + -5?
-275541b
In base 5, what is 3214 + 12433?
21202
In base 2, what is 111110110101011 + -1111?
111110110011100
In base 12, what is 5 - -8796?
879b
In base 3, what is 10 + 2010110102?
2010110112
In base 3, what is 1112020 - -2022?
1121112
In base 9, what is -112762 - 2?
-112764
In base 6, what is -50001 + -151?
-50152
In base 12, what is 22 - b68b?
-b669
In base 12, what is 18 + -55428?
-55410
In base 3, what is -11 + 21022011211?
21022011200
In base 4, what is 11 - 11301?
-11